alculate the remainder when 1737 is divided by 174.
171
Calculate the remainder when 58 is divided by 6.
4
Calculate the remainder when 2127 is divided by 152.
151
What is the remainder when 2645 is divided by 63?
62
Calculate the remainder when 527 is divided by 41.
35
Calculate the remainder when 118 is divided by 25.
18
What is the remainder when 2027 is divided by 170?
157
Calculate the remainder when 248 is divided by 84.
80
What is the remainder when 495 is divided by 126?
117
Calculate the remainder when 15740 is divided by 41.
37
Calculate the remainder when 144 is divided by 41.
21
Calculate the remainder when 2270 is divided by 455.
450
What is the remainder when 835 is divided by 35?
30
What is the remainder when 192 is divided by 25?
17
Calculate the remainder when 7103 is divided by 203.
201
What is the remainder when 9906 is divided by 36?
6
Calculate the remainder when 636 is divided by 103.
18
Calculate the remainder when 921 is divided by 71.
69
Calculate the remainder when 438 is divided by 82.
28
Calculate the remainder when 243 is divided by 41.
38
Calculate the remainder when 97 is divided by 74.
23
Calculate the remainder when 546 is divided by 44.
18
What is the remainder when 178 is divided by 107?
71
Calculate the remainder when 5056 is divided by 27.
7
What is the remainder when 992 is divided by 5?
2
What is the remainder when 211 is divided by 70?
1
What is the remainder when 317 is divided by 20?
17
What is the remainder when 9337 is divided by 11?
9
What is the remainder when 54 is divided by 7?
5
What is the remainder when 418 is divided by 379?
39
What is the remainder when 215 is divided by 26?
7
What is the remainder when 201 is divided by 36?
21
Calculate the remainder when 1257 is divided by 90.
87
Calculate the remainder when 574 is divided by 188.
10
What is the remainder when 15224 is divided by 29?
28
What is the remainder when 20569 is divided by 17?
16
Calculate the remainder when 635 is divided by 133.
103
What is the remainder when 1505 is divided by 12?
5
What is the remainder when 807 is divided by 30?
27
Calculate the remainder when 4678 is divided by 7.
2
Calculate the remainder when 1251 is divided by 33.
30
Calculate the remainder when 1272 is divided by 253.
7
What is the remainder when 249 is divided by 102?
45
What is the remainder when 4073 is divided by 158?
123
What is the remainder when 130 is divided by 67?
63
What is the remainder when 11990 is divided by 5991?
8
Calculate the remainder when 953 is divided by 87.
83
Calculate the remainder when 130 is divided by 11.
9
What is the remainder when 251 is divided by 57?
23
Calculate the remainder when 160 is divided by 59.
42
Calculate the remainder when 17 is divided by 14.
3
Calculate the remainder when 503 is divided by 104.
87
What is the remainder when 1857 is divided by 99?
75
What is the remainder when 52 is divided by 24?
4
What is the remainder when 52 is divided by 11?
8
What is the remainder when 158 is divided by 23?
20
What is the remainder when 8 is divided by 2?
0
What is the remainder when 362 is divided by 74?
66
What is the remainder when 116 is divided by 52?
12
What is the remainder when 4817 is divided by 22?
21
What is the remainder when 955 is divided by 11?
9
Calculate the remainder when 2142 is divided by 96.
30
What is the remainder when 170 is divided by 7?
2
What is the remainder when 189 is divided by 19?
18
What is the remainder when 440 is divided by 148?
144
Calculate the remainder when 33 is divided by 3.
0
What is the remainder when 8 is divided by 7?
1
Calculate the remainder when 65 is divided by 18.
11
What is the remainder when 20 is divided by 20?
0
Calculate the remainder when 863 is divided by 27.
26
Calculate the remainder when 124 is divided by 68.
56
Calculate the remainder when 36 is divided by 20.
16
What is the remainder when 415 is divided by 48?
31
What is the remainder when 1688 is divided by 19?
16
What is the remainder when 262 is divided by 63?
10
What is the remainder when 178 is divided by 45?
43
What is the remainder when 1448 is divided by 66?
62
Calculate the remainder when 156 is divided by 25.
6
What is the remainder when 154 is divided by 39?
37
Calculate the remainder when 175 is divided by 52.
19
What is the remainder when 784 is divided by 24?
16
What is the remainder when 501 is divided by 87?
66
Calculate the remainder when 425 is divided by 54.
47
Calculate the remainder when 4 is divided by 3.
1
What is the remainder when 296 is divided by 66?
32
Calculate the remainder when 9719 is divided by 10.
9
Calculate the remainder when 227 is divided by 57.
56
What is the remainder when 585 is divided by 207?
171
What is the remainder when 269 is divided by 79?
32
Calculate the remainder when 3310 is divided by 826.
6
Calculate the remainder when 710 is divided by 86.
22
What is the remainder when 1015 is divided by 209?
179
What is the remainder when 1979 is divided by 90?
89
Calculate the remainder when 50 is divided by 30.
20
What is the remainder when 76 is divided by 65?
11
Calculate the remainder when 1984 is divided by 17.
12
What is the remainder when 140 is divided by 41?
17
What is the remainder when 360 is divided by 94?
78
Calculate the remainder when 103 is divided by 52.
51
What is the remainder when 347 is divided by 13?
9
What is the remainder when 189 is divided by 16?
13
Calculate the remainder when 209 is divided by 16.
1
What is the remainder when 82 is divided by 14?
12
Calculate the remainder when 483 is divided by 235.
13
What is the remainder when 3120 is divided by 17?
9
Calculate the remainder when 348 is divided by 9.
6
What is the remainder when 683 is divided by 57?
56
What is the remainder when 25 is divided by 1?
0
What is the remainder when 13 is divided by 9?
4
Calculate the remainder when 233 is divided by 43.
18
Calculate the remainder when 4882 is divided by 148.
146
Calculate the remainder when 2842 is divided by 10.
2
Calculate the remainder when 286 is divided by 7.
6
Calculate the remainder when 336 is divided by 26.
24
Calculate the remainder when 1595 is divided by 133.
132
What is the remainder when 547 is divided by 11?
8
Calculate the remainder when 754 is divided by 5.
4
Calculate the remainder when 35 is divided by 8.
3
Calculate the remainder when 431 is divided by 143.
2
What is the remainder when 72 is divided by 13?
7
What is the remainder when 510 is divided by 6?
0
Calculate the remainder when 966 is divided by 23.
0
What is the remainder when 2939 is divided by 49?
48
What is the remainder when 969 is divided by 97?
96
Calculate the remainder when 2246 is divided by 2235.
11
What is the remainder when 311 is divided by 189?
122
What is the remainder when 111 is divided by 26?
7
What is the remainder when 165 is divided by 87?
78
Calculate the remainder when 289 is divided by 176.
113
Calculate the remainder when 16 is divided by 6.
4
What is the remainder when 505 is divided by 15?
10
What is the remainder when 568 is divided by 64?
56
What is the remainder when 210 is divided by 36?
30
What is the remainder when 423 is divided by 15?
3
What is the remainder when 4249 is divided by 92?
17
Calculate the remainder when 267 is divided by 44.
3
What is the remainder when 199 is divided by 91?
17
Calculate the remainder when 45 is divided by 41.
4
Calculate the remainder when 236 is divided by 24.
20
What is the remainder when 55 is divided by 32?
23
What is the remainder when 434 is divided by 17?
9
What is the remainder when 251 is divided by 30?
11
What is the remainder when 1374 is divided by 192?
30
Calculate the remainder when 1058 is divided by 106.
104
What is the remainder when 10241 is divided by 26?
23
What is the remainder when 2066 is divided by 159?
158
What is the remainder when 47 is divided by 25?
22
What is the remainder when 16031 is divided by 96?
95
What is the remainder when 379 is divided by 77?
71
What is the remainder when 307 is divided by 22?
21
What is the remainder when 72 is divided by 33?
6
Calculate the remainder when 313 is divided by 281.
32
Calculate the remainder when 74 is divided by 25.
24
What is the remainder when 361 is divided by 104?
49
What is the remainder when 181 is divided by 90?
